{"id":355,"date":"2017-02-22T11:56:06","date_gmt":"2017-02-22T10:56:06","guid":{"rendered":"http:\/\/www.mbfatimska.plock.opoka.org.pl\/?page_id=355"},"modified":"2020-09-04T22:32:41","modified_gmt":"2020-09-04T20:32:41","slug":"kancelaria-parafialna","status":"publish","type":"page","link":"http:\/\/www.mbfatimska.plock.opoka.org.pl\/index.php\/kancelaria-parafialna\/","title":{"rendered":"Kancelaria Parafialna"},"content":{"rendered":"<p style=\"text-align: center;\">czynna jest we wtorek, \u015brod\u0119 i pi\u0105tek<br \/>\nw godz. 7:30 &#8211; 8:30 i 16:00 &#8211; 17:00.<\/p>\n<p style=\"text-align: center;\">W pierwszy pi\u0105tek miesi\u0105ca kancelaria jest nieczynna.<br \/>\nKancelaria Parafialna znajduje si\u0119 w nowym budynku.<\/p>\n<p style=\"text-align: center;\">&#8212;<\/p>\n<p style=\"text-align: justify;\">\n","protected":false},"excerpt":{"rendered":"<p>czynna jest we wtorek, \u015brod\u0119 i pi\u0105tek w godz. 7:30 &#8211; 8:30 i 16:00 &#8211; 17:00. W pierwszy pi\u0105tek miesi\u0105ca kancelaria jest nieczynna. Kancelaria Parafialna znajduje si\u0119 w nowym budynku. &#8212;<\/p>\n","protected":false},"author":1,"featured_media":0,"parent":0,"menu_order":0,"comment_status":"closed","ping_status":"closed","template":"","meta":[],"_links":{"self":[{"href":"http:\/\/www.mbfatimska.plock.opoka.org.pl\/index.php\/wp-json\/wp\/v2\/pages\/355"}],"collection":[{"href":"http:\/\/www.mbfatimska.plock.opoka.org.pl\/index.php\/wp-json\/wp\/v2\/pages"}],"about":[{"href":"http:\/\/www.mbfatimska.plock.opoka.org.pl\/index.php\/wp-json\/wp\/v2\/types\/page"}],"author":[{"embeddable":true,"href":"http:\/\/www.mbfatimska.plock.opoka.org.pl\/index.php\/wp-json\/wp\/v2\/users\/1"}],"replies":[{"embeddable":true,"href":"http:\/\/www.mbfatimska.plock.opoka.org.pl\/index.php\/wp-json\/wp\/v2\/comments?post=355"}],"version-history":[{"count":24,"href":"http:\/\/www.mbfatimska.plock.opoka.org.pl\/index.php\/wp-json\/wp\/v2\/pages\/355\/revisions"}],"predecessor-version":[{"id":2067,"href":"http:\/\/www.mbfatimska.plock.opoka.org.pl\/index.php\/wp-json\/wp\/v2\/pages\/355\/revisions\/2067"}],"wp:attachment":[{"href":"http:\/\/www.mbfatimska.plock.opoka.org.pl\/index.php\/wp-json\/wp\/v2\/media?parent=355"}],"curies":[{"name":"wp","href":"https:\/\/api.w.org\/{rel}","templated":true}]}}

<p style="text-align: center;">czynna jest we wtorek, środę i piątek<br />
w godz. 7:30 &#8211; 8:30 i 16:00 &#8211; 17:00.</p>
<p style="text-align: center;">W pierwszy piątek miesiąca kancelaria jest nieczynna.<br />
Kancelaria Parafialna znajduje się w nowym budynku.</p>
<p style="text-align: center;">&#8212;</p>
<p style="text-align: justify;">

<p>czynna jest we wtorek, środę i piątek w godz. 7:30 &#8211; 8:30 i 16:00 &#8211; 17:00. W pierwszy piątek miesiąca kancelaria jest nieczynna. Kancelaria Parafialna znajduje się w nowym budynku. &#8212;</p>
