{"id":1484,"date":"2019-10-06T21:00:47","date_gmt":"2019-10-06T19:00:47","guid":{"rendered":"http:\/\/www.mbfatimska.plock.opoka.org.pl\/?page_id=1484"},"modified":"2019-10-06T21:00:47","modified_gmt":"2019-10-06T19:00:47","slug":"pogrzeb","status":"publish","type":"page","link":"http:\/\/www.mbfatimska.plock.opoka.org.pl\/index.php\/pogrzeb\/","title":{"rendered":"Pogrzeb"},"content":{"rendered":"<p>Bolesny dla rodziny fakt \u015bmierci kogo\u015b z bliskich zg\u0142aszamy mo\u017cliwie najwcze\u015bniej w parafii, aby ustali\u0107 form\u0119 i godzin\u0119 pogrzebu.<\/p>\n<p>Do kancelarii parafialnej nale\u017cy dostarczy\u0107\u00a0<u>akt zgonu<\/u> i\u00a0<u>za\u015bwiadczenie o udzielonych<\/u> zmar\u0142emu <u>sakramentach.<\/p>\n<p><\/u><\/p>\n<p><strong><u>Pogrzeb katolicki przys\u0142uguje wierz\u0105cym i praktykuj\u0105cym cz\u0142onkom wsp\u00f3lnoty parafialnej. Obejmuje on:<\/u><\/strong><\/p>\n<ul>\n<li>Msz\u0119 \u015bwi\u0119t\u0105 z cia\u0142em zmar\u0142ego.<\/li>\n<li>Liturgi\u0119 pogrzebow\u0105 na cmentarzu.<\/li>\n<\/ul>\n<p>&nbsp;<\/p>\n<p>Podczas Mszy \u015bwi\u0119tej pogrzebowej jest zawsze okazja do spowiedzi \u015bwi\u0119tej.<\/p>\n<p>Sk\u0142adka zbierana podczas Mszy pogrzebowej przeznaczona jest na Ofiar\u0119 Mszy \u015bwi\u0119tych w intencji zmar\u0142ego.<\/p>\n<p>Termin pierwszej Mszy \u015bw. og\u0142asza kap\u0142an podczas pogrzebu. Po rozpisk\u0119 z datami\u00a0 kolejnych Mszy \u015bw. w intencji zmar\u0142ej osoby zg\u0142asza si\u0119 kto\u015b z najbli\u017cszej rodziny do zakrystii po odprawionej pierwszej Mszy \u015bw.<\/p>\n<p>&nbsp;<\/p>\n<p><u>Pogrzebu katolickiego nale\u017cy odm\u00f3wi\u0107<\/u> je\u017celi przed \u015bmierci\u0105 nie przejawili \u017cadnych oznak pokuty:<\/p>\n<p>&#8211; notorycznym apostatom (odst\u0119pcom od wiary), heretykom i schizmatykom;<\/p>\n<p>&#8211; osobom, kt\u00f3re zdecydowa\u0142y si\u0119 na spalenie swojego cia\u0142a z motyw\u00f3w przeciwnych wierze chrze\u015bcija\u0144skiej;<\/p>\n<p>&#8211; innym jawnym grzesznikom, kt\u00f3rym nie mo\u017cna udzieli\u0107 pogrzebu ko\u015bcielnego bez publicznego zgorszenia wiernych.<\/p>\n<p>&nbsp;<\/p>\n<p><strong>Warto pami\u0119ta\u0107<\/strong><\/p>\n<p style=\"text-align: justify;\">Fakt \u015bmierci osoby wierz\u0105cej nale\u017cy zg\u0142osi\u0107 w kancelarii parafialnej. Rodzina powinna ustali\u0107 dzie\u0144 i godzin\u0119 pogrzebu z zarz\u0105dc\u0105 cmentarza, na kt\u00f3rym ma odby\u0107 si\u0119 pogrzeb. W kancelarii nale\u017cy przedstawi\u0107 dokument o \u015bmierci z USC oraz za\u015bwiadczenie o przyj\u0119ciu ostatnich sakrament\u00f3w przez zmar\u0142\u0105 osob\u0119. Je\u015bli pogrzeb mieszka\u0144ca naszej parafii ma si\u0119 odby\u0107 w innej parafii, nale\u017cy uzyska\u0107 odpowiednie za\u015bwiadczenie w kancelarii.<\/p>\n","protected":false},"excerpt":{"rendered":"<p>Bolesny dla rodziny fakt \u015bmierci kogo\u015b z bliskich zg\u0142aszamy mo\u017cliwie najwcze\u015bniej w parafii, aby ustali\u0107 form\u0119 i godzin\u0119 pogrzebu. Do kancelarii parafialnej nale\u017cy dostarczy\u0107\u00a0akt zgonu i\u00a0za\u015bwiadczenie o udzielonych zmar\u0142emu sakramentach. Pogrzeb katolicki przys\u0142uguje wierz\u0105cym i praktykuj\u0105cym cz\u0142onkom wsp\u00f3lnoty parafialnej. Obejmuje on: Msz\u0119 \u015bwi\u0119t\u0105 z cia\u0142em zmar\u0142ego. Liturgi\u0119 pogrzebow\u0105 na cmentarzu. &nbsp; Podczas Mszy \u015bwi\u0119tej pogrzebowej &hellip; <a href=\"http:\/\/www.mbfatimska.plock.opoka.org.pl\/index.php\/pogrzeb\/\" class=\"more-link\">Czytaj dalej<span class=\"screen-reader-text\"> \u201ePogrzeb\u201d<\/span><\/a><\/p>\n","protected":false},"author":1,"featured_media":0,"parent":0,"menu_order":0,"comment_status":"closed","ping_status":"closed","template":"","meta":[],"_links":{"self":[{"href":"http:\/\/www.mbfatimska.plock.opoka.org.pl\/index.php\/wp-json\/wp\/v2\/pages\/1484"}],"collection":[{"href":"http:\/\/www.mbfatimska.plock.opoka.org.pl\/index.php\/wp-json\/wp\/v2\/pages"}],"about":[{"href":"http:\/\/www.mbfatimska.plock.opoka.org.pl\/index.php\/wp-json\/wp\/v2\/types\/page"}],"author":[{"embeddable":true,"href":"http:\/\/www.mbfatimska.plock.opoka.org.pl\/index.php\/wp-json\/wp\/v2\/users\/1"}],"replies":[{"embeddable":true,"href":"http:\/\/www.mbfatimska.plock.opoka.org.pl\/index.php\/wp-json\/wp\/v2\/comments?post=1484"}],"version-history":[{"count":1,"href":"http:\/\/www.mbfatimska.plock.opoka.org.pl\/index.php\/wp-json\/wp\/v2\/pages\/1484\/revisions"}],"predecessor-version":[{"id":1485,"href":"http:\/\/www.mbfatimska.plock.opoka.org.pl\/index.php\/wp-json\/wp\/v2\/pages\/1484\/revisions\/1485"}],"wp:attachment":[{"href":"http:\/\/www.mbfatimska.plock.opoka.org.pl\/index.php\/wp-json\/wp\/v2\/media?parent=1484"}],"curies":[{"name":"wp","href":"https:\/\/api.w.org\/{rel}","templated":true}]}}

<p>Bolesny dla rodziny fakt śmierci kogoś z bliskich zgłaszamy możliwie najwcześniej w parafii, aby ustalić formę i godzinę pogrzebu.</p>
<p>Do kancelarii parafialnej należy dostarczyć <u>akt zgonu</u> i <u>zaświadczenie o udzielonych</u> zmarłemu <u>sakramentach.</p>
<p></u></p>
<p><strong><u>Pogrzeb katolicki przysługuje wierzącym i praktykującym członkom wspólnoty parafialnej. Obejmuje on:</u></strong></p>
<ul>
<li>Mszę świętą z ciałem zmarłego.</li>
<li>Liturgię pogrzebową na cmentarzu.</li>
</ul>
<p>&nbsp;</p>
<p>Podczas Mszy świętej pogrzebowej jest zawsze okazja do spowiedzi świętej.</p>
<p>Składka zbierana podczas Mszy pogrzebowej przeznaczona jest na Ofiarę Mszy świętych w intencji zmarłego.</p>
<p>Termin pierwszej Mszy św. ogłasza kapłan podczas pogrzebu. Po rozpiskę z datami  kolejnych Mszy św. w intencji zmarłej osoby zgłasza się ktoś z najbliższej rodziny do zakrystii po odprawionej pierwszej Mszy św.</p>
<p>&nbsp;</p>
<p><u>Pogrzebu katolickiego należy odmówić</u> jeżeli przed śmiercią nie przejawili żadnych oznak pokuty:</p>
<p>&#8211; notorycznym apostatom (odstępcom od wiary), heretykom i schizmatykom;</p>
<p>&#8211; osobom, które zdecydowały się na spalenie swojego ciała z motywów przeciwnych wierze chrześcijańskiej;</p>
<p>&#8211; innym jawnym grzesznikom, którym nie można udzielić pogrzebu kościelnego bez publicznego zgorszenia wiernych.</p>
<p>&nbsp;</p>
<p><strong>Warto pamiętać</strong></p>
<p style="text-align: justify;">Fakt śmierci osoby wierzącej należy zgłosić w kancelarii parafialnej. Rodzina powinna ustalić dzień i godzinę pogrzebu z zarządcą cmentarza, na którym ma odbyć się pogrzeb. W kancelarii należy przedstawić dokument o śmierci z USC oraz zaświadczenie o przyjęciu ostatnich sakramentów przez zmarłą osobę. Jeśli pogrzeb mieszkańca naszej parafii ma się odbyć w innej parafii, należy uzyskać odpowiednie zaświadczenie w kancelarii.</p>

<p>Bolesny dla rodziny fakt śmierci kogoś z bliskich zgłaszamy możliwie najwcześniej w parafii, aby ustalić formę i godzinę pogrzebu. Do kancelarii parafialnej należy dostarczyć akt zgonu i zaświadczenie o udzielonych zmarłemu sakramentach. Pogrzeb katolicki przysługuje wierzącym i praktykującym członkom wspólnoty parafialnej. Obejmuje on: Mszę świętą z ciałem zmarłego. Liturgię pogrzebową na cmentarzu. &nbsp; Podczas Mszy świętej pogrzebowej &hellip; <a href="http://www.mbfatimska.plock.opoka.org.pl/index.php/pogrzeb/" class="more-link">Czytaj dalej<span class="screen-reader-text"> „Pogrzeb”</span></a></p>
