{"id":1473,"date":"2019-10-06T20:35:31","date_gmt":"2019-10-06T18:35:31","guid":{"rendered":"http:\/\/www.mbfatimska.plock.opoka.org.pl\/?page_id=1473"},"modified":"2019-10-06T20:35:31","modified_gmt":"2019-10-06T18:35:31","slug":"namaszczenie-chorych","status":"publish","type":"page","link":"http:\/\/www.mbfatimska.plock.opoka.org.pl\/index.php\/namaszczenie-chorych\/","title":{"rendered":"Namaszczenie chorych"},"content":{"rendered":"<p><strong>Sakrament Namaszczenia chorych<\/strong><\/p>\n<p>Sakrament Namaszczenia Chorych udziela specjalnej \u0142aski chrze\u015bcijaninowi, kt\u00f3ry do\u015bwiadcza trudno\u015bci zwi\u0105zanych ze stanem ci\u0119\u017ckiej choroby lub staro\u015bci.<\/p>\n<p><strong><u>Sakrament Namaszczenia Chorych mo\u017ce by\u0107 udzielony:<\/u><\/strong><\/p>\n<ul>\n<li>osobie chorej,<\/li>\n<li>osobie, kt\u00f3ra ju\u017c przyj\u0119\u0142a ten sakrament, ale choroba si\u0119 nasili\u0142a,<\/li>\n<li>w niebezpiecze\u0144stwie \u015bmierci,<\/li>\n<li>osobie starszej, kt\u00f3ra traci swoje si\u0142y.<\/li>\n<\/ul>\n<p>&nbsp;<\/p>\n<p>Je\u017celi kto\u015b choruje, mo\u017ce poprosi\u0107 o to, aby kap\u0142an w ka\u017cdy pierwszy pi\u0105tek miesi\u0105ca przychodzi\u0142 do niego z Komuni\u0105 \u015bw.<\/p>\n<p>Kap\u0142ana wzywamy w ka\u017cdej nag\u0142ej a zagra\u017caj\u0105cej \u017cyciu chorobie, przy znacznym pogorszeniu zdrowia chorego i gdy u\u015bwiadamiamy sobie, \u017ce chory toczy mo\u017ce ostatni\u0105 walk\u0119,\u00a0<u>aby ta osoba mog\u0142a przyj\u0105\u0107 sakramenty w <strong>spos\u00f3b \u015bwiadomy<\/strong>.<\/u><\/p>\n<p>&nbsp;<\/p>\n<p>Sakramentu tego udzielaj\u0105 tylko kap\u0142ani(prezbiterzy lub biskupi). Przy jego sprawowaniu u\u017cywaj\u0105 oni oleju po\u015bwi\u0119conego przez biskupa lub w razie potrzeby przez samego prezbitera, kt\u00f3ry celebruje ten sakrament.<\/p>\n<p>Istota celebracji tego sakramentu polega na namaszczeniu olejem czo\u0142a i r\u0105k chorego. Namaszczeniu towarzyszy modlitwa liturgiczna kap\u0142ana, kt\u00f3ry prosi o specjaln\u0105 \u0142ask\u0119 tego sakramentu.<\/p>\n<p>Skutkami specjalnej \u0142aski sakramentu namaszczenia chorych s\u0105: zjednoczenie chorego z m\u0119k\u0105 Chrystusa, umocnienie, pok\u00f3j i odwaga, by przyjmowa\u0107 po chrze\u015bcija\u0144sku cierpienia choroby i staro\u015b\u0107; przebaczenie grzech\u00f3w, je\u015bli chory nie m\u00f3g\u0142 go otrzyma\u0107 przez sakrament pokuty; powr\u00f3t do zdrowia, je\u015bli to s\u0142u\u017cy dobru duchowemu; przygotowanie na przej\u015bcie do \u017cycia wiecznego.<\/p>\n<p><u>Nie nale\u017cy odk\u0142ada\u0107 wezwania kap\u0142ana do chorego na ostatni\u0105 chwil\u0119<\/u>, gdy\u017c sakrament namaszczenia chorych\u00a0<u>nie jest ostatnim namaszczeniem<\/u> i tylko przygotowaniem na \u015bmier\u0107, lecz\u00a0<strong>daje on si\u0142\u0119 do znoszenia choroby i staro\u015bci w duchu chrze\u015bcija\u0144skim<\/strong>, i \u0142\u0105czy cierpienie chorego z m\u0119k\u0105 Chrystusa dla jego w\u0142asnego dobra i dobra ca\u0142ego Ko\u015bcio\u0142a.<\/p>\n<p><strong><u>W naszej parafii duszpasterze pos\u0142uguj\u0105 chorym:<\/u><\/strong><\/p>\n<p><strong>\u00a0<\/strong>W nag\u0142ych przypadkach, mo\u017cna kap\u0142ana poprosi\u0107 do chorego w ka\u017cdej porze dnia i nocy osobi\u015bcie. Uczyni\u0107 to mo\u017ce rodzina chorego, s\u0105siedzi lub sam chory.<\/p>\n<ol>\n<li>Cykliczne odwiedziny chorych przez kap\u0142an\u00f3w z pos\u0142ug\u0105 sakramentaln\u0105 odbywaj\u0105 si\u0119:<\/li>\n<\/ol>\n<ul>\n<li>w ka\u017cdy pierwszy pi\u0105tek miesi\u0105ca od godz. 8.00<\/li>\n<li>przed \u015awi\u0119tami Bo\u017cego Narodzenia i Wielkiej Nocy<\/li>\n<\/ul>\n<ol start=\"2\">\n<li>Rodzina chorego przed przybyciem duszpasterza wina przygotowa\u0107 chorego i mieszkanie.<\/li>\n<li>W mieszkaniu chorego nale\u017cy przygotowa\u0107 st\u00f3\u0142 przykryty bia\u0142ym obrusem, krzy\u017c, dwie \u015bwiece, (naczynie z wod\u0105 \u015bwiecon\u0105 i kropid\u0142o).<\/li>\n<\/ol>\n<p>Natomiast do namaszczenia chorych: na talerzyku troch\u0119 waty, s\u00f3l, kawa\u0142ek chleba oraz szklanka z czyst\u0105 wod\u0105.<\/p>\n<p>Wzywaj\u0105c kap\u0142ana do chorego,\u00a0<u>nale\u017cy go poinformowa\u0107<\/u>, w jakim stanie chory si\u0119 znajduje, czy jest przytomny, czy mo\u017ce m\u00f3wi\u0107 i czy mo\u017ce przyj\u0105\u0107 Komuni\u0119 \u015bwi\u0119t\u0105.<\/p>\n<p>&nbsp;<\/p>\n<p><strong>Warto pami\u0119ta\u0107.<\/strong><\/p>\n<p>Pami\u0119tajmy, \u017ce jest to sakrament dla os\u00f3b, kt\u00f3re \u017cyj\u0105 a nie dla zmar\u0142ych. Sakrament namaszczenia chorych powinien przyjmowa\u0107 ka\u017cdy cz\u0142owiek wierz\u0105cy w Chrystusa w czasie ci\u0119\u017ckiej choroby. Nie nale\u017cy go odk\u0142ada\u0107 na ostatnie chwile \u017cycia. Wi\u0105\u017ce si\u0119 to bowiem z wielk\u0105 odpowiedzialno\u015bci\u0105 przed Bogiem zar\u00f3wno chorego i jego rodziny.<\/p>\n","protected":false},"excerpt":{"rendered":"<p>Sakrament Namaszczenia chorych Sakrament Namaszczenia Chorych udziela specjalnej \u0142aski chrze\u015bcijaninowi, kt\u00f3ry do\u015bwiadcza trudno\u015bci zwi\u0105zanych ze stanem ci\u0119\u017ckiej choroby lub staro\u015bci. Sakrament Namaszczenia Chorych mo\u017ce by\u0107 udzielony: osobie chorej, osobie, kt\u00f3ra ju\u017c przyj\u0119\u0142a ten sakrament, ale choroba si\u0119 nasili\u0142a, w niebezpiecze\u0144stwie \u015bmierci, osobie starszej, kt\u00f3ra traci swoje si\u0142y. &nbsp; Je\u017celi kto\u015b choruje, mo\u017ce poprosi\u0107 o to, &hellip; <a href=\"http:\/\/www.mbfatimska.plock.opoka.org.pl\/index.php\/namaszczenie-chorych\/\" class=\"more-link\">Czytaj dalej<span class=\"screen-reader-text\"> \u201eNamaszczenie chorych\u201d<\/span><\/a><\/p>\n","protected":false},"author":1,"featured_media":0,"parent":0,"menu_order":0,"comment_status":"closed","ping_status":"closed","template":"","meta":[],"_links":{"self":[{"href":"http:\/\/www.mbfatimska.plock.opoka.org.pl\/index.php\/wp-json\/wp\/v2\/pages\/1473"}],"collection":[{"href":"http:\/\/www.mbfatimska.plock.opoka.org.pl\/index.php\/wp-json\/wp\/v2\/pages"}],"about":[{"href":"http:\/\/www.mbfatimska.plock.opoka.org.pl\/index.php\/wp-json\/wp\/v2\/types\/page"}],"author":[{"embeddable":true,"href":"http:\/\/www.mbfatimska.plock.opoka.org.pl\/index.php\/wp-json\/wp\/v2\/users\/1"}],"replies":[{"embeddable":true,"href":"http:\/\/www.mbfatimska.plock.opoka.org.pl\/index.php\/wp-json\/wp\/v2\/comments?post=1473"}],"version-history":[{"count":1,"href":"http:\/\/www.mbfatimska.plock.opoka.org.pl\/index.php\/wp-json\/wp\/v2\/pages\/1473\/revisions"}],"predecessor-version":[{"id":1474,"href":"http:\/\/www.mbfatimska.plock.opoka.org.pl\/index.php\/wp-json\/wp\/v2\/pages\/1473\/revisions\/1474"}],"wp:attachment":[{"href":"http:\/\/www.mbfatimska.plock.opoka.org.pl\/index.php\/wp-json\/wp\/v2\/media?parent=1473"}],"curies":[{"name":"wp","href":"https:\/\/api.w.org\/{rel}","templated":true}]}}

<p><strong>Sakrament Namaszczenia chorych</strong></p>
<p>Sakrament Namaszczenia Chorych udziela specjalnej łaski chrześcijaninowi, który doświadcza trudności związanych ze stanem ciężkiej choroby lub starości.</p>
<p><strong><u>Sakrament Namaszczenia Chorych może być udzielony:</u></strong></p>
<ul>
<li>osobie chorej,</li>
<li>osobie, która już przyjęła ten sakrament, ale choroba się nasiliła,</li>
<li>w niebezpieczeństwie śmierci,</li>
<li>osobie starszej, która traci swoje siły.</li>
</ul>
<p>&nbsp;</p>
<p>Jeżeli ktoś choruje, może poprosić o to, aby kapłan w każdy pierwszy piątek miesiąca przychodził do niego z Komunią św.</p>
<p>Kapłana wzywamy w każdej nagłej a zagrażającej życiu chorobie, przy znacznym pogorszeniu zdrowia chorego i gdy uświadamiamy sobie, że chory toczy może ostatnią walkę, <u>aby ta osoba mogła przyjąć sakramenty w <strong>sposób świadomy</strong>.</u></p>
<p>&nbsp;</p>
<p>Sakramentu tego udzielają tylko kapłani(prezbiterzy lub biskupi). Przy jego sprawowaniu używają oni oleju poświęconego przez biskupa lub w razie potrzeby przez samego prezbitera, który celebruje ten sakrament.</p>
<p>Istota celebracji tego sakramentu polega na namaszczeniu olejem czoła i rąk chorego. Namaszczeniu towarzyszy modlitwa liturgiczna kapłana, który prosi o specjalną łaskę tego sakramentu.</p>
<p>Skutkami specjalnej łaski sakramentu namaszczenia chorych są: zjednoczenie chorego z męką Chrystusa, umocnienie, pokój i odwaga, by przyjmować po chrześcijańsku cierpienia choroby i starość; przebaczenie grzechów, jeśli chory nie mógł go otrzymać przez sakrament pokuty; powrót do zdrowia, jeśli to służy dobru duchowemu; przygotowanie na przejście do życia wiecznego.</p>
<p><u>Nie należy odkładać wezwania kapłana do chorego na ostatnią chwilę</u>, gdyż sakrament namaszczenia chorych <u>nie jest ostatnim namaszczeniem</u> i tylko przygotowaniem na śmierć, lecz <strong>daje on siłę do znoszenia choroby i starości w duchu chrześcijańskim</strong>, i łączy cierpienie chorego z męką Chrystusa dla jego własnego dobra i dobra całego Kościoła.</p>
<p><strong><u>W naszej parafii duszpasterze posługują chorym:</u></strong></p>
<p><strong> </strong>W nagłych przypadkach, można kapłana poprosić do chorego w każdej porze dnia i nocy osobiście. Uczynić to może rodzina chorego, sąsiedzi lub sam chory.</p>
<ol>
<li>Cykliczne odwiedziny chorych przez kapłanów z posługą sakramentalną odbywają się:</li>
</ol>
<ul>
<li>w każdy pierwszy piątek miesiąca od godz. 8.00</li>
<li>przed Świętami Bożego Narodzenia i Wielkiej Nocy</li>
</ul>
<ol start="2">
<li>Rodzina chorego przed przybyciem duszpasterza wina przygotować chorego i mieszkanie.</li>
<li>W mieszkaniu chorego należy przygotować stół przykryty białym obrusem, krzyż, dwie świece, (naczynie z wodą świeconą i kropidło).</li>
</ol>
<p>Natomiast do namaszczenia chorych: na talerzyku trochę waty, sól, kawałek chleba oraz szklanka z czystą wodą.</p>
<p>Wzywając kapłana do chorego, <u>należy go poinformować</u>, w jakim stanie chory się znajduje, czy jest przytomny, czy może mówić i czy może przyjąć Komunię świętą.</p>
<p>&nbsp;</p>
<p><strong>Warto pamiętać.</strong></p>
<p>Pamiętajmy, że jest to sakrament dla osób, które żyją a nie dla zmarłych. Sakrament namaszczenia chorych powinien przyjmować każdy człowiek wierzący w Chrystusa w czasie ciężkiej choroby. Nie należy go odkładać na ostatnie chwile życia. Wiąże się to bowiem z wielką odpowiedzialnością przed Bogiem zarówno chorego i jego rodziny.</p>

<p>Sakrament Namaszczenia chorych Sakrament Namaszczenia Chorych udziela specjalnej łaski chrześcijaninowi, który doświadcza trudności związanych ze stanem ciężkiej choroby lub starości. Sakrament Namaszczenia Chorych może być udzielony: osobie chorej, osobie, która już przyjęła ten sakrament, ale choroba się nasiliła, w niebezpieczeństwie śmierci, osobie starszej, która traci swoje siły. &nbsp; Jeżeli ktoś choruje, może poprosić o to, &hellip; <a href="http://www.mbfatimska.plock.opoka.org.pl/index.php/namaszczenie-chorych/" class="more-link">Czytaj dalej<span class="screen-reader-text"> „Namaszczenie chorych”</span></a></p>
