{"id":1467,"date":"2019-10-06T20:28:44","date_gmt":"2019-10-06T18:28:44","guid":{"rendered":"http:\/\/www.mbfatimska.plock.opoka.org.pl\/?page_id=1467"},"modified":"2019-10-06T21:18:30","modified_gmt":"2019-10-06T19:18:30","slug":"eucharystia","status":"publish","type":"page","link":"http:\/\/www.mbfatimska.plock.opoka.org.pl\/index.php\/eucharystia\/","title":{"rendered":"Eucharystia"},"content":{"rendered":"<p><strong>Naj\u015bwi\u0119tszy Sakrament<\/strong><\/p>\n<p><img loading=\"lazy\" class=\"aligncenter size-medium wp-image-1491\" src=\"http:\/\/www.mbfatimska.plock.opoka.org.pl\/wp-content\/uploads\/2019\/10\/eucharystia-300x225.jpg\" alt=\"\" width=\"300\" height=\"225\" srcset=\"http:\/\/www.mbfatimska.plock.opoka.org.pl\/wp-content\/uploads\/2019\/10\/eucharystia-300x225.jpg 300w, http:\/\/www.mbfatimska.plock.opoka.org.pl\/wp-content\/uploads\/2019\/10\/eucharystia.jpg 314w\" sizes=\"(max-width: 300px) 85vw, 300px\" \/><\/p>\n<p>Naj\u015bwi\u0119tsza Eucharystia dope\u0142nia wtajemniczenie chrze\u015bcija\u0144skie. Eucharystia jest \u017ar\u00f3d\u0142em i szczytem \u017cycia Ko\u015bcio\u0142a, poniewa\u017c Chrystus w\u0142\u0105cza Ko\u015bci\u00f3\u0142 i wszystkie jego cz\u0142onki do swojej ofiary uwielbienia i dzi\u0119kczynienia, z\u0142o\u017conej raz na zawsze Ojcu na krzy\u017cu. Przez t\u0119 ofiar\u0119 Chrystus rozlewa \u0142aski zbawienia na swoje Cia\u0142o i Krew Pana. Elementy te konstytuuj\u0105 jeden i ten sam akt kultu.<\/p>\n<p>Celebracja Naj\u015bwi\u0119tszej Eucharystii obejmuje zawsze: g\u0142oszenie S\u0142owa Bo\u017cego, dzi\u0119kczynienie sk\u0142adane Bogu Ojcu za wszystkie Jego dobrodziejstwa, a zw\u0142aszcza za dar Jego Syna; konsekracj\u0119 chleba i wina oraz uczestniczenie w uczcie liturgicznej przez przyjmowanie Cia\u0142a i Krwi Pana.<\/p>\n<p>Eucharystia jest pami\u0105tk\u0105 Paschy Chrystusa, to znaczy dzie\u0142a zbawienia wype\u0142nionego przez Jego \u017cycie, \u015bmier\u0107 i zmartwychwstanie. Dzie\u0142o to uobecnia si\u0119 w czynno\u015bci liturgicznej.<\/p>\n<p>Sam Jezus Chrystus, wieczny Arcykap\u0142an Nowego Przymierza, dzia\u0142aj\u0105c przez pos\u0142ug\u0119 kap\u0142an\u00f3w, sk\u0142ada Ofiar\u0119 eucharystyczn\u0105. Sam Chrystus, rzeczywi\u015bcie obecny pod postaciami chleba i wina, jest r\u00f3wnie\u017c darem ofiarnym sk\u0142adanym w Eucharystii.<\/p>\n<p>Tylko kap\u0142ani wa\u017cnie wy\u015bwi\u0119ceni mog\u0105 przewodniczy\u0107 Naj\u015bwi\u0119tszej Eucharystii i konsekrowa\u0107 chleb i wino, aby sta\u0142y si\u0119 Cia\u0142em i Krwi\u0105 Jezusa Chrystusa.<\/p>\n<p>Kto chce przyjmowa\u0107 Chrystusa w Komunii eucharystycznej, musi by\u0107 w stanie \u0142aski u\u015bwi\u0119caj\u0105cej. Je\u015bli kto\u015b ma \u015bwiadomo\u015b\u0107, \u017ce pope\u0142ni\u0142 grzech ci\u0119\u017cki, nie powinien przyst\u0119powa\u0107 do Eucharystii bez otrzymania uprzednio rozgrzeszenia w sakramencie pokuty. Kto ma zamiar przyj\u0105\u0107 Naj\u015bwi\u0119tsz\u0105 Eucharysti\u0119, powinien zachowa\u0107\u00a0<u>post eucharystyczny<\/u>, tzn. przynajmniej na godzin\u0119 przed Komuni\u0105 \u015bw. powstrzyma\u0107 si\u0119 od jakiegokolwiek pokarmu i napoju (z wyj\u0105tkiem tylko wody i lekarstw).<\/p>\n<p><u>Ko\u015bci\u00f3\u0142 poleca<\/u> wiernym, aby zawsze przyjmowali Komuni\u0119 \u015bwi\u0119t\u0105, gdy uczestnicz\u0105 w celebracji Eucharystii i\u00a0<strong>zobowi\u0105zuje ich do tego przynajmniej raz w roku<\/strong>.<\/p>\n<p>W naszym ko\u015bciele\u00a0<strong>Adoracja Naj\u015bwi\u0119tszego Sakramentu odbywa si\u0119 w ka\u017cdy czwartek <\/strong><strong>od 18.30 do 19.00<\/strong> i w <strong>ka\u017cd\u0105 sobot\u0119 od godz. 7.30 do 8.15.<\/strong><\/p>\n<p>&nbsp;<\/p>\n<p style=\"text-align: center;\"><strong><u>Szczeg\u00f3lnie wa\u017cnym momentem w \u017cyciu ka\u017cdego katolika jest<\/u><\/strong><\/p>\n<p style=\"text-align: center;\"><strong><u>przyj\u0119cie Komunii \u015bwi\u0119tej po raz pierwszy!<\/u><\/strong><\/p>\n<p>&nbsp;<\/p>\n<p>W naszej parafii okres przygotowania do jej przyj\u0119cia trwa\u00a0przez trzy lata w szkole, a sama uroczysto\u015b\u0107 po\u0142\u0105czona z pe\u0142n\u0105 Eucharysti\u0105 przypada na zako\u0144czenie bloku nauczania w klasie III, w maju.<br \/>\nDzieci przyst\u0119puj\u0105ce do tego sakramentu (opr\u00f3cz katechizacji w szkole) wraz z\u00a0 rodzicami winny uczestniczy\u0107 w ka\u017cd\u0105 niedziel\u0119 w Eucharystii o godz. 10.30 (lub w innej Mszy).<\/p>\n<p>Przygotowania trwaj\u0105 ca\u0142y rok i sk\u0142adaj\u0105 si\u0119 na nie spotkania ka\u017cdego miesi\u0105ca w wyznaczonych terminach.<\/p>\n<p>W maju odbywaj\u0105 si\u0119 przygotowania bezpo\u015brednie.<\/p>\n<p>&nbsp;<\/p>\n<p><strong><u>Informacje dotycz\u0105ce zamawiania Mszy \u015awi\u0119tych i wypominek<\/u><\/strong><\/p>\n<p>W godzinach urz\u0119dowania mo\u017cna zamawia\u0107 w kancelarii parafialnej intencje mszalne za \u017cywych lub zmar\u0142ych cz\u0142onk\u00f3w naszej rodziny, s\u0105siad\u00f3w itd. Dzi\u0119kujmy Bo\u017cej Opatrzno\u015bci za jubileusze ma\u0142\u017ce\u0144skie i rocznice urodzin, za otrzymane \u0142aski i dary, skierujmy pro\u015bby do Mi\u0142osierdzia Bo\u017cego o \u017cycie wieczne dla naszych bliskich zmar\u0142ych ? oni bardzo potrzebuj\u0105 naszej modlitwy. Pami\u0119tajmy o nich r\u00f3wnie\u017c w wypominkach rocznych. W naszej parafii wypominkami za zmar\u0142ych modlimy si\u0119 w ka\u017cd\u0105 niedziel\u0119 przed Msz\u0105 \u015awi\u0119t\u0105 o godz. 7:30, 9:00 i 12:00. Intencje mszalne na dany tydzie\u0144 wywieszane s\u0105 tak\u017ce wraz z og\u0142oszeniami w gablocie parafialnej.<\/p>\n<p>Intencje mszalne i wypominki mo\u017cna r\u00f3wnie\u017c zapisywa\u0107 u kap\u0142ana w zakrystii w niedziel\u0119 po ka\u017cdej Mszy \u015awi\u0119tej.<\/p>\n<p style=\"text-align: center;\"><strong><u>Msza \u015awi\u0119ta Gregoria\u0144ska<\/u><\/strong><\/p>\n<p>Msza \u015awi\u0119ta Gregoria\u0144ska oznacza 30 Mszy \u015awi\u0119tych odprawianych w kolejnych dniach, ofiarowanych za jedn\u0105 osob\u0119 zmar\u0142\u0105.<\/p>\n<p>Zwyczaj ten zosta\u0142 zapocz\u0105tkowany przez papie\u017ca Grzegorza Wielkiego (+604), kt\u00f3ry poleci\u0142 w taki spos\u00f3b modli\u0107 si\u0119 za zmar\u0142ego mnicha benedykty\u0144skiego. Jak podaje pobo\u017cny przekaz, trzydziestego dnia zakonnik mia\u0142 si\u0119 objawi\u0107 papie\u017cowi i dzi\u0119kowa\u0107 za wy\u015bwiadczone mu w ten spos\u00f3b mi\u0142osierdzie. Modlitwa za zmar\u0142ych, do kt\u00f3rej zach\u0119ca wiernych Ko\u015bci\u00f3\u0142, jest wyrazem ufno\u015bci w Bo\u017ce mi\u0142osierdzie, wi\u0119ksze o d niedoskona\u0142o\u015bci \u017cycia cz\u0142owieka i jego grzech\u00f3w. Jak pisze \u015bw. Pawe\u0142: ?On, kt\u00f3ry nawet w\u0142asnego Syna nie oszcz\u0119dzi\u0142, ale Go za nas wszystkich wyda\u0142, jak\u017ce mia\u0142by w raz z Nim i wszystkiego nam nie darowa\u0107?? (Rz 8,32). Wiara w zmartwychwstanie cia\u0142a i \u017cycie wieczne , kt\u00f3re Jezus obiecuje swoim uczniom, stanowi fundament chrze\u015bcija\u0144stwa, dlatego w\u0142a\u015bnie modlimy si\u0119 o odpuszczenie grzech\u00f3w i chwa\u0142\u0119 nieba dla naszych bliskich, kt\u00f3rzy odeszli z tego \u015bwiata.<\/p>\n<p>Cztery istotne elementy dotycz\u0105ce Mszy gregoria\u0144skiej, na kt\u00f3re wskazuje Deklaracja Kongregacji ds. Duchowie\u0144stwa z dnia 24 lutego 1967 r.:<\/p>\n<ul>\n<li>Msza \u015aw. sprawowana w intencji jednej osoby;<\/li>\n<li>ofiarowana wy\u0142\u0105cznie za osob\u0119 zmar\u0142\u0105;<\/li>\n<li>odprawiana 30 razy (30 Mszy \u015bwi\u0119tych);<\/li>\n<li>w ci\u0105gu bezpo\u015brednio nast\u0119puj\u0105cych po sobie dni (bez przerw).<\/li>\n<\/ul>\n<p>Msze \u015awi\u0119te gregoria\u0144skie mo\u017cna zamawia\u0107 w kancelarii parafialnej.<\/p>\n","protected":false},"excerpt":{"rendered":"<p>Naj\u015bwi\u0119tszy Sakrament Naj\u015bwi\u0119tsza Eucharystia dope\u0142nia wtajemniczenie chrze\u015bcija\u0144skie. Eucharystia jest \u017ar\u00f3d\u0142em i szczytem \u017cycia Ko\u015bcio\u0142a, poniewa\u017c Chrystus w\u0142\u0105cza Ko\u015bci\u00f3\u0142 i wszystkie jego cz\u0142onki do swojej ofiary uwielbienia i dzi\u0119kczynienia, z\u0142o\u017conej raz na zawsze Ojcu na krzy\u017cu. Przez t\u0119 ofiar\u0119 Chrystus rozlewa \u0142aski zbawienia na swoje Cia\u0142o i Krew Pana. Elementy te konstytuuj\u0105 jeden i ten sam &hellip; <a href=\"http:\/\/www.mbfatimska.plock.opoka.org.pl\/index.php\/eucharystia\/\" class=\"more-link\">Czytaj dalej<span class=\"screen-reader-text\"> \u201eEucharystia\u201d<\/span><\/a><\/p>\n","protected":false},"author":1,"featured_media":0,"parent":0,"menu_order":0,"comment_status":"closed","ping_status":"closed","template":"","meta":[],"_links":{"self":[{"href":"http:\/\/www.mbfatimska.plock.opoka.org.pl\/index.php\/wp-json\/wp\/v2\/pages\/1467"}],"collection":[{"href":"http:\/\/www.mbfatimska.plock.opoka.org.pl\/index.php\/wp-json\/wp\/v2\/pages"}],"about":[{"href":"http:\/\/www.mbfatimska.plock.opoka.org.pl\/index.php\/wp-json\/wp\/v2\/types\/page"}],"author":[{"embeddable":true,"href":"http:\/\/www.mbfatimska.plock.opoka.org.pl\/index.php\/wp-json\/wp\/v2\/users\/1"}],"replies":[{"embeddable":true,"href":"http:\/\/www.mbfatimska.plock.opoka.org.pl\/index.php\/wp-json\/wp\/v2\/comments?post=1467"}],"version-history":[{"count":2,"href":"http:\/\/www.mbfatimska.plock.opoka.org.pl\/index.php\/wp-json\/wp\/v2\/pages\/1467\/revisions"}],"predecessor-version":[{"id":1496,"href":"http:\/\/www.mbfatimska.plock.opoka.org.pl\/index.php\/wp-json\/wp\/v2\/pages\/1467\/revisions\/1496"}],"wp:attachment":[{"href":"http:\/\/www.mbfatimska.plock.opoka.org.pl\/index.php\/wp-json\/wp\/v2\/media?parent=1467"}],"curies":[{"name":"wp","href":"https:\/\/api.w.org\/{rel}","templated":true}]}}

<p><strong>Najświętszy Sakrament</strong></p>
<p><img loading="lazy" class="aligncenter size-medium wp-image-1491" src="http://www.mbfatimska.plock.opoka.org.pl/wp-content/uploads/2019/10/eucharystia-300x225.jpg" alt="" width="300" height="225" srcset="http://www.mbfatimska.plock.opoka.org.pl/wp-content/uploads/2019/10/eucharystia-300x225.jpg 300w, http://www.mbfatimska.plock.opoka.org.pl/wp-content/uploads/2019/10/eucharystia.jpg 314w" sizes="(max-width: 300px) 85vw, 300px" /></p>
<p>Najświętsza Eucharystia dopełnia wtajemniczenie chrześcijańskie. Eucharystia jest źródłem i szczytem życia Kościoła, ponieważ Chrystus włącza Kościół i wszystkie jego członki do swojej ofiary uwielbienia i dziękczynienia, złożonej raz na zawsze Ojcu na krzyżu. Przez tę ofiarę Chrystus rozlewa łaski zbawienia na swoje Ciało i Krew Pana. Elementy te konstytuują jeden i ten sam akt kultu.</p>
<p>Celebracja Najświętszej Eucharystii obejmuje zawsze: głoszenie Słowa Bożego, dziękczynienie składane Bogu Ojcu za wszystkie Jego dobrodziejstwa, a zwłaszcza za dar Jego Syna; konsekrację chleba i wina oraz uczestniczenie w uczcie liturgicznej przez przyjmowanie Ciała i Krwi Pana.</p>
<p>Eucharystia jest pamiątką Paschy Chrystusa, to znaczy dzieła zbawienia wypełnionego przez Jego życie, śmierć i zmartwychwstanie. Dzieło to uobecnia się w czynności liturgicznej.</p>
<p>Sam Jezus Chrystus, wieczny Arcykapłan Nowego Przymierza, działając przez posługę kapłanów, składa Ofiarę eucharystyczną. Sam Chrystus, rzeczywiście obecny pod postaciami chleba i wina, jest również darem ofiarnym składanym w Eucharystii.</p>
<p>Tylko kapłani ważnie wyświęceni mogą przewodniczyć Najświętszej Eucharystii i konsekrować chleb i wino, aby stały się Ciałem i Krwią Jezusa Chrystusa.</p>
<p>Kto chce przyjmować Chrystusa w Komunii eucharystycznej, musi być w stanie łaski uświęcającej. Jeśli ktoś ma świadomość, że popełnił grzech ciężki, nie powinien przystępować do Eucharystii bez otrzymania uprzednio rozgrzeszenia w sakramencie pokuty. Kto ma zamiar przyjąć Najświętszą Eucharystię, powinien zachować <u>post eucharystyczny</u>, tzn. przynajmniej na godzinę przed Komunią św. powstrzymać się od jakiegokolwiek pokarmu i napoju (z wyjątkiem tylko wody i lekarstw).</p>
<p><u>Kościół poleca</u> wiernym, aby zawsze przyjmowali Komunię świętą, gdy uczestniczą w celebracji Eucharystii i <strong>zobowiązuje ich do tego przynajmniej raz w roku</strong>.</p>
<p>W naszym kościele <strong>Adoracja Najświętszego Sakramentu odbywa się w każdy czwartek </strong><strong>od 18.30 do 19.00</strong> i w <strong>każdą sobotę od godz. 7.30 do 8.15.</strong></p>
<p>&nbsp;</p>
<p style="text-align: center;"><strong><u>Szczególnie ważnym momentem w życiu każdego katolika jest</u></strong></p>
<p style="text-align: center;"><strong><u>przyjęcie Komunii świętej po raz pierwszy!</u></strong></p>
<p>&nbsp;</p>
<p>W naszej parafii okres przygotowania do jej przyjęcia trwa przez trzy lata w szkole, a sama uroczystość połączona z pełną Eucharystią przypada na zakończenie bloku nauczania w klasie III, w maju.<br />
Dzieci przystępujące do tego sakramentu (oprócz katechizacji w szkole) wraz z  rodzicami winny uczestniczyć w każdą niedzielę w Eucharystii o godz. 10.30 (lub w innej Mszy).</p>
<p>Przygotowania trwają cały rok i składają się na nie spotkania każdego miesiąca w wyznaczonych terminach.</p>
<p>W maju odbywają się przygotowania bezpośrednie.</p>
<p>&nbsp;</p>
<p><strong><u>Informacje dotyczące zamawiania Mszy Świętych i wypominek</u></strong></p>
<p>W godzinach urzędowania można zamawiać w kancelarii parafialnej intencje mszalne za żywych lub zmarłych członków naszej rodziny, sąsiadów itd. Dziękujmy Bożej Opatrzności za jubileusze małżeńskie i rocznice urodzin, za otrzymane łaski i dary, skierujmy prośby do Miłosierdzia Bożego o życie wieczne dla naszych bliskich zmarłych ? oni bardzo potrzebują naszej modlitwy. Pamiętajmy o nich również w wypominkach rocznych. W naszej parafii wypominkami za zmarłych modlimy się w każdą niedzielę przed Mszą Świętą o godz. 7:30, 9:00 i 12:00. Intencje mszalne na dany tydzień wywieszane są także wraz z ogłoszeniami w gablocie parafialnej.</p>
<p>Intencje mszalne i wypominki można również zapisywać u kapłana w zakrystii w niedzielę po każdej Mszy Świętej.</p>
<p style="text-align: center;"><strong><u>Msza Święta Gregoriańska</u></strong></p>
<p>Msza Święta Gregoriańska oznacza 30 Mszy Świętych odprawianych w kolejnych dniach, ofiarowanych za jedną osobę zmarłą.</p>
<p>Zwyczaj ten został zapoczątkowany przez papieża Grzegorza Wielkiego (+604), który polecił w taki sposób modlić się za zmarłego mnicha benedyktyńskiego. Jak podaje pobożny przekaz, trzydziestego dnia zakonnik miał się objawić papieżowi i dziękować za wyświadczone mu w ten sposób miłosierdzie. Modlitwa za zmarłych, do której zachęca wiernych Kościół, jest wyrazem ufności w Boże miłosierdzie, większe o d niedoskonałości życia człowieka i jego grzechów. Jak pisze św. Paweł: ?On, który nawet własnego Syna nie oszczędził, ale Go za nas wszystkich wydał, jakże miałby w raz z Nim i wszystkiego nam nie darować?? (Rz 8,32). Wiara w zmartwychwstanie ciała i życie wieczne , które Jezus obiecuje swoim uczniom, stanowi fundament chrześcijaństwa, dlatego właśnie modlimy się o odpuszczenie grzechów i chwałę nieba dla naszych bliskich, którzy odeszli z tego świata.</p>
<p>Cztery istotne elementy dotyczące Mszy gregoriańskiej, na które wskazuje Deklaracja Kongregacji ds. Duchowieństwa z dnia 24 lutego 1967 r.:</p>
<ul>
<li>Msza Św. sprawowana w intencji jednej osoby;</li>
<li>ofiarowana wyłącznie za osobę zmarłą;</li>
<li>odprawiana 30 razy (30 Mszy świętych);</li>
<li>w ciągu bezpośrednio następujących po sobie dni (bez przerw).</li>
</ul>
<p>Msze Święte gregoriańskie można zamawiać w kancelarii parafialnej.</p>

<p>Najświętszy Sakrament Najświętsza Eucharystia dopełnia wtajemniczenie chrześcijańskie. Eucharystia jest źródłem i szczytem życia Kościoła, ponieważ Chrystus włącza Kościół i wszystkie jego członki do swojej ofiary uwielbienia i dziękczynienia, złożonej raz na zawsze Ojcu na krzyżu. Przez tę ofiarę Chrystus rozlewa łaski zbawienia na swoje Ciało i Krew Pana. Elementy te konstytuują jeden i ten sam &hellip; <a href="http://www.mbfatimska.plock.opoka.org.pl/index.php/eucharystia/" class="more-link">Czytaj dalej<span class="screen-reader-text"> „Eucharystia”</span></a></p>
