{"id":1464,"date":"2019-10-06T20:23:13","date_gmt":"2019-10-06T18:23:13","guid":{"rendered":"http:\/\/www.mbfatimska.plock.opoka.org.pl\/?page_id=1464"},"modified":"2020-09-29T16:35:26","modified_gmt":"2020-09-29T14:35:26","slug":"bierzmowanie","status":"publish","type":"page","link":"http:\/\/www.mbfatimska.plock.opoka.org.pl\/index.php\/bierzmowanie\/","title":{"rendered":"Bierzmowanie"},"content":{"rendered":"<p><strong>Sakrament Bierzmowania<\/strong><\/p>\n<p><img loading=\"lazy\" class=\"aligncenter wp-image-1488 size-full\" src=\"http:\/\/www.mbfatimska.plock.opoka.org.pl\/wp-content\/uploads\/2019\/10\/bierzmowanie.jpg\" alt=\"\" width=\"300\" height=\"600\" srcset=\"http:\/\/www.mbfatimska.plock.opoka.org.pl\/wp-content\/uploads\/2019\/10\/bierzmowanie.jpg 300w, http:\/\/www.mbfatimska.plock.opoka.org.pl\/wp-content\/uploads\/2019\/10\/bierzmowanie-150x300.jpg 150w\" sizes=\"(max-width: 300px) 85vw, 300px\" \/><\/p>\n<p style=\"text-align: justify;\">Zg\u0142oszenie do Sakramentu Bierzmowania kandydat otrzymuje we wrze\u015bniu w swojej szkole na katechezie &#8211; obecnie jest to II klasa szko\u0142y ponadpodstawowej. Wype\u0142nione zg\u0142oszenie nale\u017cy przekaza\u0107 do swojej parafii w terminie do 30 wrze\u015bnia. Od pa\u017adziernika odbywaj\u0105 si\u0119 comiesi\u0119czne spotkania dla kandydat\u00f3w do Sakramentu Bierzmowania. W naszej parafii jest to pierwszy czwartek miesi\u0105ca o godz. 18:00.<\/p>\n<p>Kandydat do Sakramentu Bierzmowania zobowi\u0105zuje si\u0119 do:<\/p>\n<ol>\n<li style=\"list-style-type: none;\">\n<ol>\n<li>Szacunku wobec Boga i drugiego cz\u0142owieka w s\u0142owach, gestach i zachowaniach zar\u00f3wno w szkole jak i poza ni\u0105;<\/li>\n<li>Systematycznego uczestnictwa w katechezie szkolnej i parafialnej z uwzgl\u0119dnieniem postawy pe\u0142nej kultury i szacunku jako ucznia wobec nauczyciela oraz koleg\u00f3w i kole\u017canek;<\/li>\n<li>Zdobycia wymaganej wiedzy i otrzymywania pozytywnych ocen semestralnych;<\/li>\n<li>Uzyskania pozytywnej opinii ksi\u0119dza lub katechety;<\/li>\n<li>Godnego uczestnictwa w niedzielnej Mszy \u015awi\u0119tej;<\/li>\n<li>Uczestnictwa w zaplanowanych spotkaniach i pr\u00f3bach;<\/li>\n<li>Codziennej, wytrwa\u0142ej modlitwy o dary Ducha \u015awi\u0119tego;<\/li>\n<li>Uczestnictwa w rekolekcjach adwentowych i wielkopostnych oraz spowiedziach okresowych;<\/li>\n<li>W okresie przygotowania, obej\u015b\u0107 zgodnie z regu\u0142ami ? Dziewi\u0119\u0107 Pierwszych Pi\u0105tk\u00f3w Miesi\u0105ca;<\/li>\n<li>Zdania egzaminu ko\u0144cowego w Parafii zamieszkania.<\/li>\n<\/ol>\n<\/li>\n<\/ol>\n<p>Do pobrania &#8211; <a href=\"http:\/\/www.mbfatimska.plock.opoka.org.pl\/wp-content\/uploads\/2020\/09\/zgloszenie_bierzmowanie.pdf\">Zg\u0142oszenie do Sakramentu Bierzmowania<\/a><\/p>\n","protected":false},"excerpt":{"rendered":"<p>Sakrament Bierzmowania Zg\u0142oszenie do Sakramentu Bierzmowania kandydat otrzymuje we wrze\u015bniu w swojej szkole na katechezie &#8211; obecnie jest to II klasa szko\u0142y ponadpodstawowej. Wype\u0142nione zg\u0142oszenie nale\u017cy przekaza\u0107 do swojej parafii w terminie do 30 wrze\u015bnia. Od pa\u017adziernika odbywaj\u0105 si\u0119 comiesi\u0119czne spotkania dla kandydat\u00f3w do Sakramentu Bierzmowania. W naszej parafii jest to pierwszy czwartek miesi\u0105ca o &hellip; <a href=\"http:\/\/www.mbfatimska.plock.opoka.org.pl\/index.php\/bierzmowanie\/\" class=\"more-link\">Czytaj dalej<span class=\"screen-reader-text\"> \u201eBierzmowanie\u201d<\/span><\/a><\/p>\n","protected":false},"author":1,"featured_media":0,"parent":0,"menu_order":0,"comment_status":"closed","ping_status":"closed","template":"","meta":[],"_links":{"self":[{"href":"http:\/\/www.mbfatimska.plock.opoka.org.pl\/index.php\/wp-json\/wp\/v2\/pages\/1464"}],"collection":[{"href":"http:\/\/www.mbfatimska.plock.opoka.org.pl\/index.php\/wp-json\/wp\/v2\/pages"}],"about":[{"href":"http:\/\/www.mbfatimska.plock.opoka.org.pl\/index.php\/wp-json\/wp\/v2\/types\/page"}],"author":[{"embeddable":true,"href":"http:\/\/www.mbfatimska.plock.opoka.org.pl\/index.php\/wp-json\/wp\/v2\/users\/1"}],"replies":[{"embeddable":true,"href":"http:\/\/www.mbfatimska.plock.opoka.org.pl\/index.php\/wp-json\/wp\/v2\/comments?post=1464"}],"version-history":[{"count":4,"href":"http:\/\/www.mbfatimska.plock.opoka.org.pl\/index.php\/wp-json\/wp\/v2\/pages\/1464\/revisions"}],"predecessor-version":[{"id":2167,"href":"http:\/\/www.mbfatimska.plock.opoka.org.pl\/index.php\/wp-json\/wp\/v2\/pages\/1464\/revisions\/2167"}],"wp:attachment":[{"href":"http:\/\/www.mbfatimska.plock.opoka.org.pl\/index.php\/wp-json\/wp\/v2\/media?parent=1464"}],"curies":[{"name":"wp","href":"https:\/\/api.w.org\/{rel}","templated":true}]}}