{"id":1461,"date":"2019-10-06T20:18:56","date_gmt":"2019-10-06T18:18:56","guid":{"rendered":"http:\/\/www.mbfatimska.plock.opoka.org.pl\/?page_id=1461"},"modified":"2019-10-06T21:17:35","modified_gmt":"2019-10-06T19:17:35","slug":"chrzest","status":"publish","type":"page","link":"http:\/\/www.mbfatimska.plock.opoka.org.pl\/index.php\/chrzest\/","title":{"rendered":"Chrzest"},"content":{"rendered":"<p><strong>Sakrament Chrztu \u015awi\u0119tego<\/strong><\/p>\n<p><img loading=\"lazy\" class=\"aligncenter size-medium wp-image-1487\" src=\"http:\/\/www.mbfatimska.plock.opoka.org.pl\/wp-content\/uploads\/2019\/10\/chrzest-300x207.jpg\" alt=\"\" width=\"300\" height=\"207\" srcset=\"http:\/\/www.mbfatimska.plock.opoka.org.pl\/wp-content\/uploads\/2019\/10\/chrzest-300x207.jpg 300w, http:\/\/www.mbfatimska.plock.opoka.org.pl\/wp-content\/uploads\/2019\/10\/chrzest-768x530.jpg 768w, http:\/\/www.mbfatimska.plock.opoka.org.pl\/wp-content\/uploads\/2019\/10\/chrzest.jpg 800w\" sizes=\"(max-width: 300px) 85vw, 300px\" \/><\/p>\n<p>Z Jezusem Chrystusem zawsze \u0142\u0105czy nas Chrzest \u015awi\u0119ty. Przez Chrzest wchodzimy do \u015awi\u0119tego Ko\u015bcio\u0142a Powszechnego, powi\u0119kszaj\u0105c Jego wsp\u00f3lnot\u0119.<\/p>\n<p>Chrzest jest pierwszym Sakramentem Nowego Przymierza i bram\u0105 do \u017cycia wiecznego. Chrzest jest narodzeniem do nowego \u017cycia w Chrystusie. Zgodnie z wol\u0105 Chrystusa jest on niezb\u0119dna do zbawienia, tak jak Ko\u015bci\u00f3\u0142, do kt\u00f3rego chrzest wprowadza.<\/p>\n<p>Istotny obrz\u0119d chrztu polega na zanurzeniu kandydata w wodzie lub polaniu wod\u0105 jego g\u0142owy z r\u00f3wnoczesnym wezwaniem Tr\u00f3jcy \u015awi\u0119tej, to znaczy Ojca, Syna i Ducha \u015awi\u0119tego.<\/p>\n<p style=\"text-align: justify;\">Skutek chrztu lub \u0142aski chrzcielnej jest bardzo bogat\u0105 rzeczywisto\u015bci\u0105. Obejmuje ona odpuszczenie grzechu pierworodnego i wszystkich grzech\u00f3w osobistych oraz narodzenie do nowego \u017cycia, przez kt\u00f3re cz\u0142owiek staje si\u0119 przybranym synem Ojca, wyznawc\u0105 Chrystusa, \u015bwi\u0105tyni\u0105 Ducha \u015awi\u0119tego. Przez fakt przyj\u0119cia tego sakramentu ochrzczony jest w\u0142\u0105czony w Ko\u015bci\u00f3\u0142, Cia\u0142o Chrystusa i staje si\u0119 uczestnikiem kap\u0142a\u0144stwa Chrystusa.<br \/>\nChrzest odciska na duszy niezatarte duchowe znami\u0119, ?charakter?, kt\u00f3ry konsekruje ochrzczonego do uczestniczenia w chrze\u015bcija\u0144skim kulcie religijnym. Z racji ?charakteru? chrzest nie mo\u017ce by\u0107 powt\u00f3rzony.<\/p>\n<p><strong>O Chrzest dla dziecka prosz\u0105 Ko\u015bci\u00f3\u0142 RODZICE<\/strong>. Nie mog\u0105 ich w tej sprawie wyr\u0119cza\u0107 osoby trzecie, np. krewni lub przyjaciele.<\/p>\n<p>Rodzice zg\u0142aszaj\u0105 si\u0119 do kancelarii parafialnej oko\u0142o miesi\u0105ca przed dat\u0105 chrztu. Przynosz\u0105 ze sob\u0105 nast\u0119puj\u0105ce dokumenty:<\/p>\n<p>1) Akt urodzenia dziecka;<\/p>\n<p>2) Akt \u015blubu ko\u015bcielnego rodzic\u00f3w;<\/p>\n<p>3) Za\u015bwiadczenie dla chrzestnych, \u017ce mog\u0105 pe\u0142ni\u0107 funkcj\u0119 chrzestnego ? z w\u0142asnej parafii;<\/p>\n<p>4) Je\u017celi rodzice z dzieckiem mieszkaj\u0105 na terenie innej parafii, to pozwolenie od w\u0142a\u015bciwego proboszcza na udzielenie chrztu w tej parafii.<\/p>\n<p style=\"text-align: justify;\">Chrzestnym mo\u017ce by\u0107 osoba, kt\u00f3ra otrzyma\u0142a odpowiednie za\u015bwiadczenie od w\u0142asnego proboszcza, czyli: przyj\u0119\u0142a odpowiednie sakramenty ? chrzest, pokuta, Eucharystia i Bierzmowanie oraz, \u017ce praktykuje swoj\u0105 wiar\u0119 uczestnicz\u0105c we Mszy \u015awi\u0119tej i przyjmuje kol\u0119d\u0119. Je\u017celi jest to ucze\u0144, to ucz\u0119szcza na katechez\u0119, a je\u017celi osoba doros\u0142a \u017cyj\u0105ca w zwi\u0105zku ma\u0142\u017ce\u0144skim, to zawar\u0142a sakramentalny zwi\u0105zek ma\u0142\u017ce\u0144ski.<\/p>\n<p style=\"text-align: justify;\">Rodzice i chrzestni przygotowuj\u0105 si\u0119 religijnie na uroczysto\u015b\u0107 Chrztu dziecka: odbywaj\u0105 spowied\u017a, uczestnicz\u0105 w katechezie przed Chrztem, kt\u00f3ra odbywa si\u0119 w sobot\u0119 (poprzedzaj\u0105c\u0105 chrzest) po Mszy \u015aw. o godz. 18:00 w naszym ko\u015bciele, a w dniu chrztu przyjmuj\u0105 Komuni\u0119 \u015awi\u0119t\u0105.<\/p>\n<p style=\"text-align: justify;\"><strong>W naszej parafii Sakrament Chrztu \u015awi\u0119tego udzielany jest w ostatni\u0105 niedziel\u0119 miesi\u0105ca na Mszy \u015awi\u0119tej o godz. 12:00.<\/strong> Do Chrztu przychodzimy punktualnie, przynajmniej 10 minut przed wyznaczon\u0105 godzin\u0105.<\/p>\n","protected":false},"excerpt":{"rendered":"<p>Sakrament Chrztu \u015awi\u0119tego Z Jezusem Chrystusem zawsze \u0142\u0105czy nas Chrzest \u015awi\u0119ty. Przez Chrzest wchodzimy do \u015awi\u0119tego Ko\u015bcio\u0142a Powszechnego, powi\u0119kszaj\u0105c Jego wsp\u00f3lnot\u0119. Chrzest jest pierwszym Sakramentem Nowego Przymierza i bram\u0105 do \u017cycia wiecznego. Chrzest jest narodzeniem do nowego \u017cycia w Chrystusie. Zgodnie z wol\u0105 Chrystusa jest on niezb\u0119dna do zbawienia, tak jak Ko\u015bci\u00f3\u0142, do kt\u00f3rego chrzest &hellip; <a href=\"http:\/\/www.mbfatimska.plock.opoka.org.pl\/index.php\/chrzest\/\" class=\"more-link\">Czytaj dalej<span class=\"screen-reader-text\"> \u201eChrzest\u201d<\/span><\/a><\/p>\n","protected":false},"author":1,"featured_media":0,"parent":0,"menu_order":0,"comment_status":"closed","ping_status":"closed","template":"","meta":[],"_links":{"self":[{"href":"http:\/\/www.mbfatimska.plock.opoka.org.pl\/index.php\/wp-json\/wp\/v2\/pages\/1461"}],"collection":[{"href":"http:\/\/www.mbfatimska.plock.opoka.org.pl\/index.php\/wp-json\/wp\/v2\/pages"}],"about":[{"href":"http:\/\/www.mbfatimska.plock.opoka.org.pl\/index.php\/wp-json\/wp\/v2\/types\/page"}],"author":[{"embeddable":true,"href":"http:\/\/www.mbfatimska.plock.opoka.org.pl\/index.php\/wp-json\/wp\/v2\/users\/1"}],"replies":[{"embeddable":true,"href":"http:\/\/www.mbfatimska.plock.opoka.org.pl\/index.php\/wp-json\/wp\/v2\/comments?post=1461"}],"version-history":[{"count":3,"href":"http:\/\/www.mbfatimska.plock.opoka.org.pl\/index.php\/wp-json\/wp\/v2\/pages\/1461\/revisions"}],"predecessor-version":[{"id":1495,"href":"http:\/\/www.mbfatimska.plock.opoka.org.pl\/index.php\/wp-json\/wp\/v2\/pages\/1461\/revisions\/1495"}],"wp:attachment":[{"href":"http:\/\/www.mbfatimska.plock.opoka.org.pl\/index.php\/wp-json\/wp\/v2\/media?parent=1461"}],"curies":[{"name":"wp","href":"https:\/\/api.w.org\/{rel}","templated":true}]}}

<p><strong>Sakrament Chrztu Świętego</strong></p>
<p><img loading="lazy" class="aligncenter size-medium wp-image-1487" src="http://www.mbfatimska.plock.opoka.org.pl/wp-content/uploads/2019/10/chrzest-300x207.jpg" alt="" width="300" height="207" srcset="http://www.mbfatimska.plock.opoka.org.pl/wp-content/uploads/2019/10/chrzest-300x207.jpg 300w, http://www.mbfatimska.plock.opoka.org.pl/wp-content/uploads/2019/10/chrzest-768x530.jpg 768w, http://www.mbfatimska.plock.opoka.org.pl/wp-content/uploads/2019/10/chrzest.jpg 800w" sizes="(max-width: 300px) 85vw, 300px" /></p>
<p>Z Jezusem Chrystusem zawsze łączy nas Chrzest Święty. Przez Chrzest wchodzimy do Świętego Kościoła Powszechnego, powiększając Jego wspólnotę.</p>
<p>Chrzest jest pierwszym Sakramentem Nowego Przymierza i bramą do życia wiecznego. Chrzest jest narodzeniem do nowego życia w Chrystusie. Zgodnie z wolą Chrystusa jest on niezbędna do zbawienia, tak jak Kościół, do którego chrzest wprowadza.</p>
<p>Istotny obrzęd chrztu polega na zanurzeniu kandydata w wodzie lub polaniu wodą jego głowy z równoczesnym wezwaniem Trójcy Świętej, to znaczy Ojca, Syna i Ducha Świętego.</p>
<p style="text-align: justify;">Skutek chrztu lub łaski chrzcielnej jest bardzo bogatą rzeczywistością. Obejmuje ona odpuszczenie grzechu pierworodnego i wszystkich grzechów osobistych oraz narodzenie do nowego życia, przez które człowiek staje się przybranym synem Ojca, wyznawcą Chrystusa, świątynią Ducha Świętego. Przez fakt przyjęcia tego sakramentu ochrzczony jest włączony w Kościół, Ciało Chrystusa i staje się uczestnikiem kapłaństwa Chrystusa.<br />
Chrzest odciska na duszy niezatarte duchowe znamię, ?charakter?, który konsekruje ochrzczonego do uczestniczenia w chrześcijańskim kulcie religijnym. Z racji ?charakteru? chrzest nie może być powtórzony.</p>
<p><strong>O Chrzest dla dziecka proszą Kościół RODZICE</strong>. Nie mogą ich w tej sprawie wyręczać osoby trzecie, np. krewni lub przyjaciele.</p>
<p>Rodzice zgłaszają się do kancelarii parafialnej około miesiąca przed datą chrztu. Przynoszą ze sobą następujące dokumenty:</p>
<p>1) Akt urodzenia dziecka;</p>
<p>2) Akt ślubu kościelnego rodziców;</p>
<p>3) Zaświadczenie dla chrzestnych, że mogą pełnić funkcję chrzestnego ? z własnej parafii;</p>
<p>4) Jeżeli rodzice z dzieckiem mieszkają na terenie innej parafii, to pozwolenie od właściwego proboszcza na udzielenie chrztu w tej parafii.</p>
<p style="text-align: justify;">Chrzestnym może być osoba, która otrzymała odpowiednie zaświadczenie od własnego proboszcza, czyli: przyjęła odpowiednie sakramenty ? chrzest, pokuta, Eucharystia i Bierzmowanie oraz, że praktykuje swoją wiarę uczestnicząc we Mszy Świętej i przyjmuje kolędę. Jeżeli jest to uczeń, to uczęszcza na katechezę, a jeżeli osoba dorosła żyjąca w związku małżeńskim, to zawarła sakramentalny związek małżeński.</p>
<p style="text-align: justify;">Rodzice i chrzestni przygotowują się religijnie na uroczystość Chrztu dziecka: odbywają spowiedź, uczestniczą w katechezie przed Chrztem, która odbywa się w sobotę (poprzedzającą chrzest) po Mszy Św. o godz. 18:00 w naszym kościele, a w dniu chrztu przyjmują Komunię Świętą.</p>
<p style="text-align: justify;"><strong>W naszej parafii Sakrament Chrztu Świętego udzielany jest w ostatnią niedzielę miesiąca na Mszy Świętej o godz. 12:00.</strong> Do Chrztu przychodzimy punktualnie, przynajmniej 10 minut przed wyznaczoną godziną.</p>

<p>Sakrament Chrztu Świętego Z Jezusem Chrystusem zawsze łączy nas Chrzest Święty. Przez Chrzest wchodzimy do Świętego Kościoła Powszechnego, powiększając Jego wspólnotę. Chrzest jest pierwszym Sakramentem Nowego Przymierza i bramą do życia wiecznego. Chrzest jest narodzeniem do nowego życia w Chrystusie. Zgodnie z wolą Chrystusa jest on niezbędna do zbawienia, tak jak Kościół, do którego chrzest &hellip; <a href="http://www.mbfatimska.plock.opoka.org.pl/index.php/chrzest/" class="more-link">Czytaj dalej<span class="screen-reader-text"> „Chrzest”</span></a></p>
