{"id":115,"date":"2016-05-29T12:21:57","date_gmt":"2016-05-29T10:21:57","guid":{"rendered":"http:\/\/www.mbfatimska.plock.opoka.org.pl\/?page_id=115"},"modified":"2024-07-28T17:34:59","modified_gmt":"2024-07-28T15:34:59","slug":"schola","status":"publish","type":"page","link":"http:\/\/www.mbfatimska.plock.opoka.org.pl\/index.php\/schola\/","title":{"rendered":"Schola"},"content":{"rendered":"<p>Schola &#8222;Dzieci Fatimskie&#8221;<\/p>\n<p style=\"text-align: justify;\">Schol\u0119 &#8222;Dzieci Fatimskie&#8221;, tworz\u0105 dzieci ze szko\u0142y podstawowej. Schola istnieje od 1991 roku, a wi\u0119c od momentu powstania parafii Matki Bo\u017cej Fatimskiej. Pocz\u0105tkowo schol\u0105 opiekowa\u0142 si\u0119 ks. Roman Tomaszewski (1992-1997r.), a po nim ks. Wojciech Ciemerych (1997-1998r.). Do rozwoju scholi przyczyni\u0142 si\u0119 w 1998 roku \u00f3wczesny wikariusz naszej parafii &#8211; ks. Piotr Brzezik. W latach 1998-2000, kiedy w\u0142a\u015bnie ks. Piotr by\u0142 opiekunem, schola liczy\u0142a w swoim sk\u0142adzie nawet 70 os\u00f3b.<\/p>\n<table border=\"0\">\n<tbody>\n<tr>\n<td><a href=\"http:\/\/www.mbfatimska.plock.opoka.org.pl\/wp-content\/uploads\/2016\/05\/schola01b.jpg\" target=\"_blank\"  rel=\"lightbox[115] noopener\"><img loading=\"lazy\" class=\"aligncenter wp-image-128 size-medium\" title=\"Schola podczas Odpustu Parafialnego - 13 pa\u017adziernika 1998r.\" src=\"http:\/\/www.mbfatimska.plock.opoka.org.pl\/wp-content\/uploads\/2016\/05\/schola01b-300x198.jpg\" alt=\"schola01b\" width=\"300\" height=\"198\" srcset=\"http:\/\/www.mbfatimska.plock.opoka.org.pl\/wp-content\/uploads\/2016\/05\/schola01b-300x198.jpg 300w, http:\/\/www.mbfatimska.plock.opoka.org.pl\/wp-content\/uploads\/2016\/05\/schola01b.jpg 713w\" sizes=\"(max-width: 300px) 85vw, 300px\" \/><\/a><\/td>\n<td><a href=\"http:\/\/www.mbfatimska.plock.opoka.org.pl\/wp-content\/uploads\/2016\/05\/schola02b.jpg\" target=\"_blank\"  rel=\"lightbox[115] noopener\"><img loading=\"lazy\" class=\"aligncenter wp-image-129 size-medium\" title=\"Schola podczas Odpustu Parafialnego - 13 pa\u017adziernika 1998r.\" src=\"http:\/\/www.mbfatimska.plock.opoka.org.pl\/wp-content\/uploads\/2016\/05\/schola02b-300x198.jpg\" alt=\"schola02b\" width=\"300\" height=\"198\" srcset=\"http:\/\/www.mbfatimska.plock.opoka.org.pl\/wp-content\/uploads\/2016\/05\/schola02b-300x198.jpg 300w, http:\/\/www.mbfatimska.plock.opoka.org.pl\/wp-content\/uploads\/2016\/05\/schola02b.jpg 713w\" sizes=\"(max-width: 300px) 85vw, 300px\" \/><\/a><\/td>\n<\/tr>\n<\/tbody>\n<\/table>\n<p style=\"text-align: justify;\">Kolejnymi opiekunami scholi byli: ks. Andrzej Konwerski (2000-2004r.), ks. Jaros\u0142aw Tomaszewski (2004-2006r.), kt\u00f3ry przyczyni\u0142 si\u0119 do tego, \u017ce schola zyska\u0142a jednakowe stroje, ks. Robert Oprawa (2006-2009r.), ks. Jaros\u0142aw Kowalczyk (2009-2011r.), ks. Piotr Paradowski (2011-2013r.). W latach 1998-2013 na instrumencie klawiszowym gra\u0142 p. Tomasz Michalak.<\/p>\n<table border=\"0\">\n<tbody>\n<tr>\n<td><a href=\"http:\/\/www.mbfatimska.plock.opoka.org.pl\/wp-content\/uploads\/2016\/05\/schola03b.jpg\" target=\"_blank\"  rel=\"lightbox[115] noopener\"><img loading=\"lazy\" class=\"aligncenter wp-image-130\" title=\"Schola z opiekunem ks. Robertem Opraw\u0105 - 16 kwietnia 2007r.\" src=\"http:\/\/www.mbfatimska.plock.opoka.org.pl\/wp-content\/uploads\/2016\/05\/schola03b-300x225.jpg\" alt=\"schola03b\" width=\"268\" height=\"201\" srcset=\"http:\/\/www.mbfatimska.plock.opoka.org.pl\/wp-content\/uploads\/2016\/05\/schola03b-300x225.jpg 300w, http:\/\/www.mbfatimska.plock.opoka.org.pl\/wp-content\/uploads\/2016\/05\/schola03b.jpg 717w\" sizes=\"(max-width: 268px) 85vw, 268px\" \/><\/a><\/td>\n<td><a href=\"http:\/\/www.mbfatimska.plock.opoka.org.pl\/wp-content\/uploads\/2016\/05\/schola04b.jpg\" target=\"_blank\"  rel=\"lightbox[115] noopener\"><img loading=\"lazy\" class=\"aligncenter wp-image-131 size-medium\" title=\"Msza \u015awi\u0119ta jubileuszowa - 1 czerwca 2008r.\" src=\"http:\/\/www.mbfatimska.plock.opoka.org.pl\/wp-content\/uploads\/2016\/05\/schola04b-300x200.jpg\" alt=\"schola04b\" width=\"300\" height=\"200\" srcset=\"http:\/\/www.mbfatimska.plock.opoka.org.pl\/wp-content\/uploads\/2016\/05\/schola04b-300x200.jpg 300w, http:\/\/www.mbfatimska.plock.opoka.org.pl\/wp-content\/uploads\/2016\/05\/schola04b-768x512.jpg 768w, http:\/\/www.mbfatimska.plock.opoka.org.pl\/wp-content\/uploads\/2016\/05\/schola04b.jpg 778w\" sizes=\"(max-width: 300px) 85vw, 300px\" \/><\/a><\/td>\n<\/tr>\n<\/tbody>\n<\/table>\n<p style=\"text-align: justify;\">Schola stara\u0142a si\u0119 rozwija\u0107 tw\u00f3rczo, r\u00f3wnie\u017c poza parafi\u0105. Co roku nasza schola bra\u0142a udzia\u0142 w Festiwalu Piosenki Religijnej &#8222;Cecyliada&#8221; oraz w Konkursie Piosenki Religijnej. W styczniu 2005 roku uczestniczy\u0142a te\u017c w Festiwalu Kol\u0119d &#8222;Betlejem u Avetek&#8221; w Warszawie. W marcu, r\u00f3wnie\u017c 2005 roku, schola by\u0142a na Misterium M\u0119ki Pa\u0144skiej w Czerwi\u0144sku nad Wis\u0142\u0105. Tam tak\u017ce za\u015bpiewa\u0142a na Mszy \u015awi\u0119tej w Sanktuarium Matki Bo\u017cej Pocieszenia.<\/p>\n<p style=\"text-align: justify;\">Dzieci doros\u0142y, jednak mi\u0142o jest wr\u00f3ci\u0107 do tamtych chwil i obejrze\u0107 zdj\u0119cia.<\/p>\n<p style=\"text-align: justify;\">W maju 2013r. kolejne pokolenie dzieci rozpocz\u0119\u0142o \u015bpiew w naszej scholi. Z inicjatywy ks. Proboszcza i p. organisty Jakuba Jab\u0142o\u0144skiego dziewczynki z Pierwszej Komunii \u015awi\u0119tej zacz\u0119\u0142y tworzy\u0107 nowy etap istnienia naszej scholi. Od wrze\u015bnia 2013r. do sierpnia 2015r. schol\u0105 opiekowa\u0142 si\u0119 ks. Jaros\u0142aw Jakubowski. Schola wci\u0105\u017c powi\u0119ksza\u0142a si\u0119. Na instrumencie klawiszowym od 1 stycznia 2015r. do listopada 2017r. gra\u0142 p. Cezary Szymczak, od 1 stycznia 2018r. do stycznia 2020r. p. Kinga Molak.<\/p>\n<p>We wrze\u015bniu 2023r. nasza schola &#8222;Dzieci fatimskie&#8221; dzi\u0119ki zaanga\u017cowaniu siostry Agnieszki Ciurzy\u0144skiej wznowi\u0142a swoj\u0105 dzia\u0142alno\u015b\u0107.<\/p>\n<p>W sk\u0142ad scholi zaanga\u017cowani s\u0105: gitara: Zbigniew Koz\u0142owski, Wojciech Sobok; klawisze: Piotr Trzci\u0144ski<\/p>\n<p style=\"text-align: justify;\">Obecnym opiekunem scholi, od wrze\u015bnia 2023r. jest siostra Agnieszka Ciurzy\u0144ska i ks. \u0141ukasz Szyma\u0144ski.<\/p>\n<div id='gallery-1' class='gallery galleryid-115 gallery-columns-3 gallery-size-thumbnail'><figure class='gallery-item'>\n\t\t\t<div class='gallery-icon landscape'>\n\t\t\t\t<a href='http:\/\/www.mbfatimska.plock.opoka.org.pl\/wp-content\/uploads\/2024\/03\/received_780640020602584.jpeg' rel=\"lightbox[115]\"><img width=\"150\" height=\"150\" src=\"http:\/\/www.mbfatimska.plock.opoka.org.pl\/wp-content\/uploads\/2024\/03\/received_780640020602584-150x150.jpeg\" class=\"attachment-thumbnail size-thumbnail\" alt=\"\" loading=\"lazy\" \/><\/a>\n\t\t\t<\/div><\/figure><figure class='gallery-item'>\n\t\t\t<div class='gallery-icon landscape'>\n\t\t\t\t<a href='http:\/\/www.mbfatimska.plock.opoka.org.pl\/wp-content\/uploads\/2024\/03\/received_699397742408561.jpeg' rel=\"lightbox[115]\"><img width=\"150\" height=\"150\" src=\"http:\/\/www.mbfatimska.plock.opoka.org.pl\/wp-content\/uploads\/2024\/03\/received_699397742408561-150x150.jpeg\" class=\"attachment-thumbnail size-thumbnail\" alt=\"\" loading=\"lazy\" \/><\/a>\n\t\t\t<\/div><\/figure><figure class='gallery-item'>\n\t\t\t<div class='gallery-icon landscape'>\n\t\t\t\t<a href='http:\/\/www.mbfatimska.plock.opoka.org.pl\/wp-content\/uploads\/2024\/03\/received_419342673926098.jpeg' rel=\"lightbox[115]\"><img width=\"150\" height=\"150\" src=\"http:\/\/www.mbfatimska.plock.opoka.org.pl\/wp-content\/uploads\/2024\/03\/received_419342673926098-150x150.jpeg\" class=\"attachment-thumbnail size-thumbnail\" alt=\"\" loading=\"lazy\" \/><\/a>\n\t\t\t<\/div><\/figure>\n\t\t<\/div>\n\n<p style=\"text-align: justify;\">Schola zawsze przejawia\u0142a i nadal przejawia du\u017c\u0105 aktywno\u015b\u0107 w \u017cyciu naszej parafii. Obecnie liczy 12 os\u00f3b, posiada w\u0142asne, jednakowe stroje i \u015bpiewniki. Jest ci\u0105gle wsp\u00f3lnot\u0105 bardzo otwart\u0105 na wszystkich tych, kt\u00f3rzy pragn\u0105 bardziej s\u0142u\u017cy\u0107 Bogu i ludziom swoim \u015bpiewem. M\u0142odzi arty\u015bci doskonal\u0105 nie tylko swoje g\u0142osy i zdolno\u015bci, lecz tak\u017ce swojego ducha.<\/p>\n<p style=\"text-align: justify;\">Schola aktywnie uczestniczy w niedzielnej Mszy \u015aw. rodzinnej o godz. 10:00. Upi\u0119ksza je i wzbogaca, nie tylko swoim \u015bpiewem, lecz przede wszystkim duchowo &#8211; poprzez zaanga\u017cowanie, modlitw\u0119 i tworzenie oprawy muzycznej. Schola bierze tak\u017ce udzia\u0142 w konkursach i przegl\u0105dach piosenki religijnej, np. w Gralewie.<\/p>\n<p style=\"text-align: justify;\">Pr\u00f3by scholi odbywaj\u0105 si\u0119 w ka\u017cd\u0105 sobot\u0119 o godz. 10:00 pod kierunkiem siostry Agnieszki Ciurzy\u0144skiej. Przez sw\u00f3j \u015bpiew, opraw\u0119 muzyczn\u0105 i s\u0142own\u0105, schola pomaga innym g\u0142\u0119biej prze\u017cywa\u0107 Msz\u0119 \u015bw. i modlitw\u0119, a przez to bardziej zbli\u017cy\u0107 si\u0119 do Pana Jezusa przez po\u015brednictwo patronki parafii &#8211; Matki Bo\u017cej Fatimskiej.<\/p>\n","protected":false},"excerpt":{"rendered":"<p>Schola &#8222;Dzieci Fatimskie&#8221; Schol\u0119 &#8222;Dzieci Fatimskie&#8221;, tworz\u0105 dzieci ze szko\u0142y podstawowej. Schola istnieje od 1991 roku, a wi\u0119c od momentu powstania parafii Matki Bo\u017cej Fatimskiej. Pocz\u0105tkowo schol\u0105 opiekowa\u0142 si\u0119 ks. Roman Tomaszewski (1992-1997r.), a po nim ks. Wojciech Ciemerych (1997-1998r.). Do rozwoju scholi przyczyni\u0142 si\u0119 w 1998 roku \u00f3wczesny wikariusz naszej parafii &#8211; ks. Piotr &hellip; <a href=\"http:\/\/www.mbfatimska.plock.opoka.org.pl\/index.php\/schola\/\" class=\"more-link\">Czytaj dalej<span class=\"screen-reader-text\"> \u201eSchola\u201d<\/span><\/a><\/p>\n","protected":false},"author":1,"featured_media":0,"parent":0,"menu_order":0,"comment_status":"closed","ping_status":"closed","template":"","meta":[],"_links":{"self":[{"href":"http:\/\/www.mbfatimska.plock.opoka.org.pl\/index.php\/wp-json\/wp\/v2\/pages\/115"}],"collection":[{"href":"http:\/\/www.mbfatimska.plock.opoka.org.pl\/index.php\/wp-json\/wp\/v2\/pages"}],"about":[{"href":"http:\/\/www.mbfatimska.plock.opoka.org.pl\/index.php\/wp-json\/wp\/v2\/types\/page"}],"author":[{"embeddable":true,"href":"http:\/\/www.mbfatimska.plock.opoka.org.pl\/index.php\/wp-json\/wp\/v2\/users\/1"}],"replies":[{"embeddable":true,"href":"http:\/\/www.mbfatimska.plock.opoka.org.pl\/index.php\/wp-json\/wp\/v2\/comments?post=115"}],"version-history":[{"count":10,"href":"http:\/\/www.mbfatimska.plock.opoka.org.pl\/index.php\/wp-json\/wp\/v2\/pages\/115\/revisions"}],"predecessor-version":[{"id":3794,"href":"http:\/\/www.mbfatimska.plock.opoka.org.pl\/index.php\/wp-json\/wp\/v2\/pages\/115\/revisions\/3794"}],"wp:attachment":[{"href":"http:\/\/www.mbfatimska.plock.opoka.org.pl\/index.php\/wp-json\/wp\/v2\/media?parent=115"}],"curies":[{"name":"wp","href":"https:\/\/api.w.org\/{rel}","templated":true}]}}